 80. Let d be n(39). Suppose -4*i + 5*r = -3919, -3*i - d*i + r = -4883. What are the prime factors of i?
2, 61
Suppose 0 = -3*p + 9196 - 10841 + 25105. What are the prime factors of p?
2, 5, 17, 23
Let w(k) = 752*k**2 + 8*k - 4. Suppose 0 = 5*o + 5*q + 5, -4*q + 6*q + 6 = 2*o. What are the prime factors of w(o)?
2, 3, 7
Let h = 91 + 165. Let l be (3 + 12)*h/40. Suppose 40 = 2*v - 4*f, f + 3*f + l = 4*v. What are the prime factors of v?
2, 7
Let c be (-59455)/92 + 1/8*2. Let u = c + 1098. What are the prime factors of u?
2, 113
Let b(w) = 2*w**2 + 15*w + 12. Let u be b(-7). Suppose -2*v - 18 = 2*n, -4*n + 6 = -u*n + 2*v. Let m(x) = -5*x + 31. What are the prime factors of m(n)?
71
Suppose -d + 254 = i, -2*d + 4 = -3*d. Let j be (-18)/4*i/(-9). Suppose 88 = q - j. What are the prime factors of q?
7, 31
Let x be 5 + (3 + -3)*4/12. Let n be -250*x/(-40)*-4. Let a = n + 256. List the prime factors of a.
131
Suppose 6*v + 4 - 34 = 0. Suppose 4*n - n - v*h = -32, -h + 24 = -5*n. List the prime factors of 94 - ((-5)/3 - n/6).
5, 19
Let z = -2551 + 4441. List the prime factors of z.
2, 3, 5, 7
Let t(j) = j**3 + 2*j**2 - 3*j + 4. Let a be t(-3). Suppose 1960 = 2*k - a*i, -986 = -k + 4*i - 5*i. List the prime factors of k.
2, 3, 41
Let v(z) = 1350*z - 346. What are the prime factors of v(5)?
2, 1601
Let v be ((-1)/3)/((-2)/12). Suppose -4*j = 3*c - 20, j + v*j - 15 = 0. Suppose c*l + 44 = 4*l. What are the prime factors of l?
11
Let j = -2200 - -2151. Let z(x) = -2*x**2 - 6*x + 1. Let t be z(4). Let r = j - t. List the prime factors of r.
2, 3
Let t = -17 - -27. Suppose d - 20 = -5*x, -2*x - 2*d - 2 = -t. Suppose 5*a + 2*y - 445 = 0, 0 = x*a - 5*y - 510 + 154. What are the prime factors of a?
89
Let n = -66 - -72. Suppose 17 = -n*u - 7. What are the prime factors of 62*(-12)/2*1/u?
3, 31
Let y(u) = -u**3 - u**2 - u - 1. Let h = 49 - 50. Let f(d) = 4*d**3 + 6*d**2 + 5*d - 33. Let l(q) = h*f(q) - 5*y(q). List the prime factors of l(0).
2, 19
Suppose -70*c = 40*c - 1175240. What are the prime factors of c?
2, 2671
Let s be ((-30)/35)/(3/(-14)). Suppose -s*w = -265 + 9. What are the prime factors of w?
2
Suppose -5*r - 18 - 2 = 4*y, 5*y + 2*r + 8 = 0. Suppose 4 = -y*u + u. Suppose 0*o - t = -o + 79, -5*o = u*t - 413. List the prime factors of o.
3
Let i = 2006 - 537. Suppose 13*h - i = -0*h. Let j = 166 - h. What are the prime factors of j?
53
Suppose -2*z = -892 - 226. Let m = z - -351. What are the prime factors of m?
2, 5, 7, 13
Suppose 9*q - 748 = -199. Let h = q - 46. List the prime factors of h.
3, 5
Let h = 172 - 168. Suppose -h*q - b = -2*b - 87, b + 24 = q. What are the prime factors of q?
3, 7
Let x(b) = b + 20. Let u be x(-23). What are the prime factors of -1*(-597 + (-4)/u*3)?
593
Let y be (16/(-3))/(33572/(-2238) - -15). Suppose 5*m = -11*m + y. List the prime factors of m.
373
Let o(d) be the second derivative of d**5/20 + d**4/3 + 2*d**3/3 + 4*d**2 + d. Let q be o(-4). Let v(r) = 2*r**2 + 8*r - 27. What are the prime factors of v(q)?
37
Let y(d) = 85*d + 1 - 313*d + 1. Let a be y(2). Let g = 650 + a. List the prime factors of g.
2, 7
Let g be 40*((-6)/(-75))/((-11)/(-3135)). List the prime factors of g/(-15)*(-3 - 7).
2, 19
Suppose -12611 = -3*q - k, -5*q + 4*k + 11056 = -9934. List the prime factors of q.
2, 11, 191
What are the prime factors of 18115990/262*(-2)/(-5)?
2, 13829
Suppose 4*p + 0*p + 2*j = 1258, 5*p - 1571 = -2*j. Let q(k) = 50*k + 952. Let l be q(-19). Suppose l*d = 21 + p. List the prime factors of d.
167
Let y be 4 + (3 - 3 - 4). Let h be (3 - 8)/(-1 + y). Suppose 4*g - 15 = g, -5*l - h*g = -190. List the prime factors of l.
3, 11
Suppose -5 = -5*h, -c + 10836 = 39*h - 35*h. List the prime factors of c.
2, 677
Suppose 4*m - 20 = 0, 4*t - 3*m - 127 = 2*m. Let c be -24 + 26 - (t*242)/(-2). List the prime factors of c/(-60)*(-24)/10.
2, 23
Suppose 2*t + 4 = 14. Suppose 5*x - 4*w + 9*w = 75, -x = -t*w + 15. Suppose 0 = -3*r - y + 155, -5*y = -r + x + 15. What are the prime factors of r?
2, 5
Let o be ((-22)/33 - (-3842)/12)*-10. Let f = o + 4608. List the prime factors of f.
3, 157
Let y(d) be the first derivative of -23*d**2 + 20*d + 17. Let w(t) = 15*t - 7. Let g(a) = -17*w(a) - 6*y(a). What are the prime factors of g(6)?
5
Let j(q) = -28*q - 7*q - 82 + 14*q. List the prime factors of j(-17).
5, 11
Suppose 401947 + 184273 = 176*h + 101164. What are the prime factors of h?
2, 13, 53
Suppose 0 = 3*r + 9, 0 = -h + 5*r - 0 + 19. Suppose -426*a = -418*a - 40. Suppose -a*q - u + 360 = 0, 535 = 4*q - h*u + 223. What are the prime factors of q?
73
Let r = -312 + 309. What are the prime factors of ((-71)/3)/(r/9)?
71
Suppose 33*u = 11*u - 2772. List the prime factors of 4/12*-76*u/7.
2, 3, 19
Let n = 68 - 58. Suppose 13*x = n*x + 774. Suppose 0*o - 4*v - x = -2*o, -3*v - 536 = -4*o. List the prime factors of o.
137
Suppose 76*y = 82*y - 6864. Let p = y + -603. List the prime factors of p.
541
Suppose 0 = -3*o + 6*i + 4539, 2*i = -28*o + 27*o + 1505. What are the prime factors of o?
3, 503
Let y be -6*(-5 + 20/(-4)). Suppose s - r + 0 = -56, -s - r = y. Let p = s - -118. What are the prime factors of p?
2, 3, 5
Let y be (2/(-2))/((-1)/(-17)). Let q = 5076 + -5075. What are the prime factors of 14 + y - 1/q*-37?
2, 17
List the prime factors of (160/(-144))/(5/(-60570)).
2, 5, 673
Let m be 2 + 7/(56/2176). Suppose -m*a + 270*a + 2888 = 0. List the prime factors of a.
2, 19
Let g = 0 - -3. Suppose 1 = g*d - 5*z, -3*d + 1 + 3 = -2*z. Suppose -2*a = -2*o - 43 + 9, -30 = -d*a - 2*o. What are the prime factors of a?
2
Let m be -119 - ((3 - -2) + -9). Let d = m + 118. Suppose -7*y = -12*y - d*l + 229, 5*y - 5*l = 205. What are the prime factors of y?
2, 11
Let l = -53 + 61. Let u = l + -4. Suppose -m + 88 = 4*p + 25, 5*m = u*p + 435. What are the prime factors of m?
83
Let o(m) = 28*m**2 + 200*m - 26. List the prime factors of o(-11).
2, 7, 83
Let b = 12873 + -12054. List the prime factors of b.
3, 7, 13
Let p(u) = 307*u**2 + u + 3. Suppose 45 = -2*t + 55, 3*n + 3*t - 12 = 0. List the prime factors of p(n).
3, 103
Let i = 11795 - -8445. List the prime factors of i.
2, 5, 11, 23
Suppose 0 = 44*t - 554557 - 2498030 + 94379. List the prime factors of t.
2, 11, 191
Let m = -366660 - -552408. What are the prime factors of ((-6)/8 - -1)/(69/m)?
673
Let r = -195 + 198. Suppose r*u = -12, 0*u = 5*t + u - 741. What are the prime factors of t?
149
Let z be (-6 + -32)/((-1)/(-2)). Let o = z + 102. Let t = o - -224. What are the prime factors of t?
2, 5
Suppose -2*k - 16821 = -3*c, 5*k = c - 3266 - 2341. What are the prime factors of c?
3, 7, 89
Let q = -5489 - -7799. What are the prime factors of q?
2, 3, 5, 7, 11
Let r = -40643 + 66038. List the prime factors of r.
3, 5, 1693
Suppose 4*r + 5*j + 45 = -r, -r - 3 = -5*j. Let i(g) be the second derivative of g**4/6 - 7*g**3/6 - 9*g**2 + 3*g. List the prime factors of i(r).
2, 83
List the prime factors of -10 + 6 + 3765 - -5.
2, 7, 269
Let y = 5811 + 29999. What are the prime factors of y?
2, 5, 3581
Let d be 249/(-51) + (-2)/17. Let m be ((-2)/(-9))/(d/(-45)). Suppose -m*t + 2*i = -5*t + 264, t - 2*i - 96 = 0. What are the prime factors of t?
2, 3, 5
Let i = 17623 + -1891. What are the prime factors of i?
2, 3, 19, 23
Let u = 6 - -4. Suppose -1786 = u*l - 9726. What are the prime factors of l?
2, 397
Let p(u) = 18*u**2 + 10*u - 5. Let h = 85 + -81. List the prime factors of p(h).
17, 19
What are the prime factors of 12 - 13 - -7979 - (2 + -3 + 2)?
3, 2659
Let g be (133/(-38) - 3/(-2))*-1. Suppose -g*k - 1352 = -6*k - 3*b, -2*k + 5*b = -650. List the prime factors of k.
5, 67
Suppose 0 = -f + 7, -g - 2*f = 4*g - 15674. List the prime factors of g.
2, 3, 29
Let y(c) be the third derivative of 23*c**4/12 + 2*c**3 + c**2 - 19*c. What are the prime factors of y(1)?
2, 29
Let b be (-47 + 3)*1/(3 + -4). Let a = 55 - b. Suppose -4*n + 169 + a = 0. List the prime factors of n.
3, 5
Let a = -1301 - -10248. List the prime factors of a.
23, 389
Let o be (((-8)/(-6))/4)/(2/18). Suppose -2*w + 722 = o*b - 146, -4*b - 8 = 0. List the prime factors of w.
19, 23
What are the prime factors of -7 + (-9)/(-2*(-9)/(-11502))?
2, 359
Let f = 441 + -441. Suppose f = 163*a - 152*a - 13255. What are the prime factors of a?
5, 